.
5391
What is the remainder when 263310 is divided by 107?
90
Calculate the remainder when 2965967 is divided by 17144.
55
What is the remainder when 9164705 is divided by 494?
17
Calculate the remainder when 139372 is divided by 1533.
1402
Calculate the remainder when 153710 is divided by 25610.
50
What is the remainder when 9601854 is divided by 1043?
1039
What is the remainder when 22847689 is divided by 361?
360
Calculate the remainder when 1399479 is divided by 193.
36
What is the remainder when 49035 is divided by 16056?
867
What is the remainder when 225453 is divided by 12107?
7527
Calculate the remainder when 6920881 is divided by 676.
669
What is the remainder when 225888 is divided by 1649?
1624
Calculate the remainder when 349646 is divided by 443.
119
Calculate the remainder when 583088 is divided by 10053.
14
What is the remainder when 162458 is divided by 4390?
28
What is the remainder when 104218263 is divided by 418?
413
What is the remainder when 4634286 is divided by 255?
171
Calculate the remainder when 3405177 is divided by 1184.
1177
Calculate the remainder when 12767254 is divided by 34137.
16
What is the remainder when 905465 is divided by 1611?
83
What is the remainder when 11286836 is divided by 486?
458
What is the remainder when 4465632 is divided by 36?
12
Calculate the remainder when 7917 is divided by 1124.
49
Calculate the remainder when 1730817 is divided by 346156.
37
What is the remainder when 4721935 is divided by 1427?
1419
Calculate the remainder when 97649 is divided by 225.
224
What is the remainder when 32237759 is divided by 926?
921
Calculate the remainder when 6268467 is divided by 7289.
7216
What is the remainder when 41999 is divided by 1831?
1717
Calculate the remainder when 10166196 is divided by 55.
51
Calculate the remainder when 112405 is divided by 457.
440
Calculate the remainder when 10897390 is divided by 518923.
7
What is the remainder when 352540 is divided by 169?
6
Calculate the remainder when 11328514 is divided by 472.
42
Calculate the remainder when 11051 is divided by 9521.
1530
Calculate the remainder when 256873 is divided by 7390.
5613
What is the remainder when 376941 is divided by 8422?
6373
Calculate the remainder when 2016979599 is divided by 2725.
2724
What is the remainder when 14596735 is divided by 224?
223
What is the remainder when 224214 is divided by 56038?
62
What is the remainder when 291617 is divided by 1376?
1281
Calculate the remainder when 699857845 is divided by 18.
7
Calculate the remainder when 892186 is divided by 31850.
386
What is the remainder when 1098244 is divided by 7901?
5
Calculate the remainder when 2863330 is divided by 24.
10
Calculate the remainder when 1396136 is divided by 887.
885
What is the remainder when 483616 is divided by 288?
64
Calculate the remainder when 44152587 is divided by 1766103.
12
Calculate the remainder when 4293363 is divided by 1948.
1919
Calculate the remainder when 1998157 is divided by 943.
883
Calculate the remainder when 8111340 is divided by 1196.
68
Calculate the remainder when 435209 is divided by 87020.
109
Calculate the remainder when 177233291 is divided by 76.
75
Calculate the remainder when 31883278 is divided by 330.
328
Calculate the remainder when 22386658 is divided by 12.
10
Calculate the remainder when 3785183 is divided by 236.
215
What is the remainder when 13013 is divided by 1442?
35
What is the remainder when 72934805 is divided by 2145141?
11
What is the remainder when 314663 is divided by 510?
503
What is the remainder when 456186 is divided by 486?
318
What is the remainder when 80380 is divided by 80369?
11
Calculate the remainder when 73135 is divided by 2295.
1990
What is the remainder when 79021 is divided by 11217?
502
What is the remainder when 743684 is divided by 3914?
24
What is the remainder when 140307166 is divided by 13482?
13474
What is the remainder when 502684 is divided by 1265?
479
What is the remainder when 926855 is divided by 848?
839
Calculate the remainder when 18417484 is divided by 16.
12
Calculate the remainder when 12782973 is divided by 31.
30
What is the remainder when 14947051 is divided by 2040?
2011
Calculate the remainder when 228744 is divided by 9192.
8136
What is the remainder when 37266 is divided by 355?
346
What is the remainder when 7450771 is divided by 4219?
17
What is the remainder when 1988301 is divided by 72?
21
Calculate the remainder when 649706 is divided by 29531.
24
Calculate the remainder when 15060 is divided by 1857.
204
Calculate the remainder when 202737375 is divided by 226.
7
Calculate the remainder when 15512718 is divided by 969.
966
Calculate the remainder when 2754866 is divided by 296.
290
What is the remainder when 1354710 is divided by 21496?
462
Calculate the remainder when 12030398 is divided by 12.
2
What is the remainder when 52332 is divided by 2279?
2194
Calculate the remainder when 230938435 is divided by 1643.
1641
What is the remainder when 1587675 is divided by 511?
509
What is the remainder when 22946 is divided by 2103?
1916
Calculate the remainder when 24848054 is divided by 8282611.
221
Calculate the remainder when 2844800 is divided by 946.
178
What is the remainder when 135358 is divided by 9014?
148
Calculate the remainder when 131261 is divided by 1313.
1274
Calculate the remainder when 2036327 is divided by 12.
11
What is the remainder when 3065 is divided by 1501?
63
What is the remainder when 1337159 is divided by 474?
5
What is the remainder when 10294855 is divided by 285968?
7
Calculate the remainder when 20251 is divided by 1963.
621
What is the remainder when 302140533 is divided by 7099?
7093
What is the remainder when 62999580 is divided by 1877?
1829
Calculate the remainder when 2102732 is divided by 179.
19
Calculate the remainder when 93179 is divided by 1174.
433
What is the remainder when 2032606 is divided by 33?
4
Calculate the remainder when 34985623 is divided by 79.
78
Calculate the remainder when 56641 is divided by 904.
593
What is the remainder when 432943 is divided by 39355?
38
Calculate the remainder when 3674098 is divided by 1110.
1108
What is the remainder when 7930907 is divided by 720988?
39
Calculate the remainder when 29577601 is divided by 1484.
1481
What is the remainder when 726990 is divided by 66086?
44
What is the remainder when 2206216 is divided by 11031?
16
What is the remainder when 46697948 is divided by 5891?
5882
Calculate the remainder when 5245477 is divided by 749352.
13
What is the remainder when 860298 is divided by 2731?
33
What is the remainder when 85769343 is divided by 21442334?
7
What is the remainder when 915217 is divided by 8633?
119
What is the remainder when 66716 is divided by 1640?
1116
Calculate the remainder when 432988 is divided by 1698.
1696
Calculate the remainder when 1628973 is divided by 407243.
1
What is the remainder when 623249 is divided by 118?
91
What is the remainder when 137270 is divided by 137261?
9
Calculate the remainder when 3853229 is divided by 1030.
1029
What is the remainder when 522813 is divided by 261405?
3
Calculate the remainder when 543546 is divided by 751.
573
Calculate the remainder when 106338 is divided by 5784.
2226
Calculate the remainder when 659915 is divided by 164957.
87
Calculate the remainder when 1181565 is divided by 1406.
525
Calculate the remainder when 99546 is divided by 24682.
818
What is the remainder when 33523 is divided by 865?
653
What is the remainder when 334443 is divided by 489?
456
What is the remainder when 5585009 is divided by 310278?
5
Calculate the remainder when 89266860 is divided by 9918537.
27
What is the remainder when 49484 is divided by 1851?
1358
What is the remainder when 416164 is divided by 10398?
244
Calculate the remainder when 4533342 is divided by 17989.
114
Calculate the remainder when 5369885 is divided by 81359.
191
Calculate the remainder when 4269306 is divided by 284614.
96
Calculate the remainder when 356854 is divided by 174958.
6938
What is the remainder when 223421 is divided by 258?
251
Calculate the remainder when 560546 is divided by 1467.
152
What is the remainder when 64164 is divided by 226?
206
What is the remainder when 2727448 is divided by 285